t m be (14/(-5))/(2/a). What is the highest common divisor of 21 and m?
7
Suppose -2*q + 85 = 5*x - 130, -3*x - 4*q = -129. What is the highest common divisor of x and 301?
43
Let y(x) = 8*x - 182. Let d be y(29). Calculate the greatest common divisor of 20 and d.
10
Let t(l) = -l**2 + 4*l + 1. Let y be t(3). Suppose k - 2*k - o = -20, -k = y*o - 14. Let i be 44/((-1 - 1) + 4). What is the greatest common factor of i and k?
22
Let d(i) = 35*i - 4. Let u be d(2). Let l = 80 - u. Calculate the greatest common divisor of 2 and l.
2
Suppose 2*n = 7*n + 3*m - 62, 3*n - 4*m - 43 = 0. What is the greatest common divisor of 325 and n?
13
Suppose -9*o + 5*o + 288 = 4*t, -t + 3*o = -88. Calculate the greatest common divisor of 19 and t.
19
Let l(i) be the first derivative of i**4/4 + 7*i**3/3 + 4*i - 6. Let d be l(-7). Let r be -1*(-1 + (0 - d)). What is the highest common divisor of 10 and r?
5
Let a(p) = 18*p**2 - p + 4. Let b be a(-3). Let t = 206 - 92. Let i = b - t. Calculate the greatest common divisor of i and 5.
5
Let s be (-4 - -3)/(1/15). Let t be ((-6)/4)/(8/(12320/s)). What is the greatest common factor of 14 and t?
14
Suppose 47*p - 39*p = 312. What is the greatest common divisor of p and 247?
13
Let p(w) = 37*w + 17. Let y be p(2). Calculate the greatest common factor of y and 14.
7
Suppose 0 = 11*i - 2*i - 72. Suppose -z - 5 = 2. Let a be (-6)/(-21) - 166/z. What is the highest common factor of a and i?
8
Let a be (18/30 - 426/(-15)) + -4. Calculate the greatest common factor of a and 25.
25
Let f(i) = -61*i - 293. Let s be f(-8). Calculate the highest common divisor of 6 and s.
3
Let p = -914 - -959. Let u = -1 - -31. Calculate the highest common divisor of u and p.
15
Let a = -3791 + 3824. Suppose 0 = -3*z - 0*z + 9. Calculate the greatest common factor of a and z.
3
Let u = 33 + 11. Calculate the highest common factor of u and 44.
44
Let u(x) = 6*x**2 - 4*x - 7. Let n(a) = 4*a**2 - 3*a - 5. Let o(y) = -7*n(y) + 5*u(y). Let s be o(-2). What is the highest common factor of 6 and s?
6
Let u be 5 + (-5)/10*8. Let x be 3/u + (-4 - -9). Calculate the highest common divisor of x and 20.
4
Let j(p) = p**2 + 4*p + 1. Let h = -27 - -31. Let u be j(h). What is the highest common factor of u and 231?
33
Let o(g) = -18*g - 75. Let l be o(-6). Let t be 22/l + 392/6. Calculate the highest common divisor of t and 330.
66
Let l(j) be the first derivative of -j**4/4 - j**2/2 + 28. Let h be l(-2). Calculate the highest common factor of 50 and h.
10
Let w be (-4)/(-14) + (-234)/(-14). Suppose 2*s + 132 = -2*p + 290, -3*s = -p + 103. What is the greatest common divisor of p and w?
17
Let a be (-14)/(-6) + (-2)/(-3). Suppose 20 = 9*t - 5*t. Suppose -6*c = -2*c - 16, a*y + t*c - 53 = 0. Calculate the highest common divisor of 11 and y.
11
Let z = -28 + 78. Suppose 0 = -2*h - 0*h + 2*f + 10, 2*f = 10. Calculate the greatest common divisor of h and z.
10
Let v(g) = 7*g**2 - 8*g - 18. Let u be v(4). What is the highest common divisor of u and 217?
31
Suppose -5*f + 234 = -76. Let y(w) = 2*w**3 - 17*w**2 + 40*w - 163. Let c be y(8). What is the highest common factor of c and f?
31
Let r be (-2)/8 + (-126)/8. Let d(x) = 10*x - 136. Let m be d(14). Let s = m - r. Calculate the highest common factor of 5 and s.
5
Let u be ((-8)/2)/(18/(-189)). Suppose -3*y = -p + 10, 3*p - u = 3*y + 18. What is the highest common divisor of 5 and p?
5
Let h = 0 + -21. Let w be 2/(-3) - (-49)/h. Let l(c) = -20*c + 4. Let i be l(w). Calculate the highest common factor of 16 and i.
16
Suppose 2*h - 858 = 4*b, -2*b - 2*b + 453 = h. What is the greatest common divisor of h and 38?
19
Suppose -12 = -2*y + y. Suppose 2*z - 4*z = -122. Let t = -37 + z. What is the greatest common divisor of y and t?
12
Let p be 9 + (-3)/(0 + -3). Suppose 5*b + 3*i - p = -2*i, 0 = -2*i. Let x(n) = 6*n**2 + 2*n. Let q be x(b). Calculate the highest common factor of q and 7.
7
Let y be ((-492)/(-10))/((-189)/70 - -3). Calculate the highest common divisor of 20 and y.
4
Suppose -30*q + 4148 = 638. Calculate the highest common divisor of q and 9.
9
Suppose -2*k + 25 = -3*i, -5*i - 30 = -3*k + 9. What is the greatest common factor of k and 122?
2
Suppose -5*m = 7*x - 8*x - 421, -87 = -m + 3*x. Suppose 120 = 6*l - l. What is the greatest common factor of l and m?
12
Let a(y) = -y**3 - 6*y**2 + 10*y + 8. Let b be a(-8). Let p = b - 43. Calculate the highest common factor of 143 and p.
13
Suppose -5 = -7*o + 37. What is the greatest common factor of o and 258?
6
Let v(x) = -116*x + 1060. Let c be v(9). Let s(y) = 63*y**2 + 2*y - 1. Let b be s(1). What is the greatest common divisor of c and b?
16
Let s(p) = 7*p + 25. Let j be s(-2). What is the greatest common divisor of j and 891?
11
Suppose 0 = -149*k + 156*k - 203. What is the greatest common factor of k and 783?
29
Let k = -63 + 26. Let y = k - -47. Let w = y + 4. Calculate the highest common divisor of 126 and w.
14
Suppose 0 = 3*x - 15*v + 20*v - 13, 0 = 3*x - 4*v - 22. What is the greatest common divisor of x and 21?
3
Let g be (0 - 1)*1*(-77 + -2). Suppose 3*d + 25 = g. What is the greatest common divisor of d and 36?
18
Let m = 25 + -12. Let p(i) = 2*i + 39. Let k be p(39). Calculate the highest common divisor of m and k.
13
Let h be 63*(40/21 + (-30)/(-70)). What is the highest common divisor of 168 and h?
21
Let b be (-2)/(-3) + 524/6. Suppose -2*z + 5*h = 21 - 55, 3*z - 62 = 2*h. Calculate the highest common factor of b and z.
22
Suppose 12*u - 3830 = 30610. What is the greatest common factor of u and 70?
70
Suppose 20*a - 4*y + 7060 = 24*a, 4*a - 5*y = 7096. Calculate the greatest common divisor of a and 61.
61
Let r = -8 + 6. Let j(l) = 4*l**2 - 2*l. Let p be j(r). Let d = p + -13. Calculate the highest common factor of d and 21.
7
Let y = 7 + -16. Let s = 9 + y. Suppose s = 3*n + 2*j - 81, 5*n - 4*n = 3*j + 27. Calculate the greatest common divisor of 3 and n.
3
Suppose 4*t + s - 9 = 0, -3*t = t - 5*s - 27. Suppose n = -t*n + 588. Calculate the greatest common factor of 21 and n.
21
Let y(u) = 2*u**3 - 10*u**2 + 15*u - 48. Let j be y(7). Calculate the greatest common factor of 23 and j.
23
Suppose -4*g - 4*f = -0*g + 92, -3*f = -2*g - 41. Let k be 165/g*(-8)/10. What is the highest common divisor of k and 9?
3
Suppose 0 = 2*o - 23 - 1. What is the greatest common divisor of o and 204?
12
Let u be 7/(-2)*(-880)/14. What is the highest common factor of u and 55?
55
Suppose 233*u + 78 = 236*u. What is the highest common factor of u and 260?
26
Suppose -3*j = -6*j + 33. Suppose 0 = 13*a - j*a - 130. Calculate the highest common divisor of 26 and a.
13
Suppose 186 = 4*n - 5*t, n - 6*t + 4*t - 45 = 0. What is the highest common divisor of 931 and n?
49
Suppose 3*u = 2*r + 60 + 37, 4*u + 4 = 0. Let y = -22 - r. What is the highest common divisor of 14 and y?
14
Let r = -60 + 109. Calculate the highest common divisor of r and 7.
7
Let s = -137 + 47. Let j = s - -111. Calculate the greatest common factor of j and 35.
7
Suppose 5*x - 20 = 0, -4*q + 36 = 4*x + 12. Suppose 0*y - q*y = -84. Suppose 3*s - 4 = -s, -2*s - 138 = -5*h. Calculate the greatest common factor of h and y.
14
Let u be (-57)/(33/12 + -2). Let q = 25 - u. Let a = 161 - q. Calculate the greatest common divisor of a and 40.
20
Let i = -36 - -40. Let g = 4 + i. What is the highest common divisor of g and 32?
8
Let z = -84 - -359. Suppose 220 + 595 = 3*l + x, -x = l - z. What is the greatest common divisor of l and 30?
30
Let r be 72/30 + -2 + 2/(-5). Let i be (r - -1)/(2 + 65/(-35)). Calculate the greatest common factor of i and 77.
7
Let t be (-14)/(-2)*140/490. Calculate the highest common factor of 39 and t.
1
Let a be (2/(-1))/(14/(-315)). Let k = a - 30. Let l(u) = u + 13. Let f be l(-3). Calculate the greatest common factor of k and f.
5
Suppose 116 = -9*m + 13*m. Let z(k) = -2*k - 1. Let f be z(-4). Suppose -6*c - m = -f*c. Calculate the greatest common divisor of c and 58.
29
Suppose 0*i + 5*i = -3*b + 33, 4*i = -5*b + 16. Let a = -9 - -99. Suppose y - a = -y. Calculate the highest common factor of i and y.
9
Suppose -174*a + 173*a + 86 = 0. What is the greatest common factor of 817 and a?
43
Let v = 407 + -403. Let y(z) = -4*z**3 - 3*z**2. Let k be y(-2). Calculate the greatest com